*a + 309 + 1073, -1386 = -o + a. Suppose 4*g + 2*p = -p + 1111, -5*g - 4*p = -o. What are the prime factors of g?
2, 137
Suppose 12*d = -4*n + 77476, 2*n - 38763 = 43*d - 44*d. What are the prime factors of n?
2, 2423
Suppose 993 = -3*k - 1743. What are the prime factors of k/(-36)*(-1278)/(-24)?
19, 71
Suppose 0 = -19*j + 16*j - 20*j + 197225. List the prime factors of j.
5, 7
Suppose 2*g + 16 = 6*g. Suppose -g = -s - s. Suppose -s*p - p = -4*q - 119, 2*q = -4. What are the prime factors of p?
37
Suppose 0 = p - 3*l + 2*l - 17, 5*p - 3*l = 93. What are the prime factors of -17*(5 + -1 - p)?
17
Let j(v) = 601*v - 4. Let u be j(1). Suppose u + 33 = 2*k. What are the prime factors of k?
3, 5, 7
What are the prime factors of (-8452378)/(-121) + 760/88 + -9?
2, 53, 659
Suppose -3 - 17 = -10*o. What are the prime factors of (-1859)/396*-76 + o/9?
3, 7, 17
Let q(h) = -406*h + 5. Let k be q(-1). Suppose 20*u - 23*u = -k. What are the prime factors of u?
137
Let u = -219 + 222. Suppose 0*l - u*y = 2*l - 763, -l = -5*y - 362. What are the prime factors of l?
13, 29
Let i be (18/(-8))/(8/192). Let m = 42 - i. Suppose -5*r + 5*t + m = -44, 2*t = -2. What are the prime factors of r?
3
Let l = 22278 - 13209. List the prime factors of l.
3, 3023
Let x(z) = -z**2 + 5*z + 17. Let y be x(7). Let u be -1*3/y*19 + 0. Let m = u + 27. List the prime factors of m.
2
Let s(n) = -824*n + 431. What are the prime factors of s(-20)?
3, 1879
Let v = 18830 - 3958. What are the prime factors of v?
2, 11, 13
Let m = -6 - -8. Let q(i) be the second derivative of 21*i**3/2 - 2*i**2 - 162*i - 2. List the prime factors of q(m).
2, 61
Let z(m) = -12*m + 29. Let i be z(2). What are the prime factors of i*((-848)/(-20) - 3)?
197
Let h(g) = 2*g**2 - 12*g + 11. Let k be (6 + -1 + (-9 - -21))/1. List the prime factors of h(k).
5, 7, 11
Let v(a) = 13 + 23*a + 53*a + 15. Let c be v(9). Suppose -c = -5*r - 2*w, -r - 4*r = 5*w - 715. List the prime factors of r.
2, 71
Suppose 2*q - 15 - 29 = 5*a, -5*q + 25 = -4*a. Let h be 16/20 + (-1932)/a. Let t = 367 - h. What are the prime factors of t?
173
Suppose -5*a + 2*t + 102937 = 0, -4*t + 2 = -6*t. List the prime factors of a.
7, 17, 173
Let x = 23 + -44. Let d be (6/(-7))/(x/98). Suppose -83 = -d*v + 81. List the prime factors of v.
41
Suppose -54*n = -55*n + 646. Let c = -342 + n. What are the prime factors of c?
2, 19
Suppose -127*p - 117*p + 736392 = 0. List the prime factors of p.
2, 3, 503
Suppose 24*k = 25*k - 11. Let b be (k - 9)/(1/2). Suppose 0 = 3*f - b - 8. List the prime factors of f.
2
Let n(a) = -2*a**2 - 52*a + 34. Let t(f) = -25*f**3 + 4*f - 3. Let s be t(1). List the prime factors of n(s).
2, 5, 13
Suppose 5*w - 179675 = 3*t, -365*w + 2*t - 71854 = -367*w. What are the prime factors of w?
2, 13, 691
Let o(v) = 142*v - 10. Let q be o(4). Suppose 5*h - 7307 = q. Suppose -8*x + h + 75 = 0. List the prime factors of x.
2, 103
Let w(d) = -d**3 - 10*d**2 + 11*d + 5. Let t be w(-11). Suppose 3*i = -2*s + 324, 556 = 5*i - 0*i - 2*s. Suppose 0*h = t*h - i. What are the prime factors of h?
2, 11
Let f(r) = 73*r**2 - 19*r - 66. Let k be f(-6). Let l = 4166 - k. What are the prime factors of l?
2, 5, 149
Let x = 49649 + -25460. List the prime factors of x.
3, 11, 733
Suppose 5 = -4*y - 5*n, -2*n - 1 = -4*y - n. Suppose -3*x = 4*a + 83, -4*x - 30 + 10 = y. What are the prime factors of a/(-5 + 0 - -4)?
17
Suppose 14*p + 84160 = 18*p + 4*t, -2*p + 42110 = -3*t. List the prime factors of p.
2, 17, 619
Suppose 0 = -7*f - 1107 + 5818. Suppose -5653 = -10*m - f. List the prime factors of m.
2, 3, 83
Suppose -21*y + 6 = 27. List the prime factors of y/(-3)*-1 - 228470/(-330).
2, 173
Let c = 252 + 2316. Suppose -19*i + c = -15*i - g, 2*i + 5*g = 1284. What are the prime factors of i?
2, 3, 107
Suppose 0 = -y + 4*y + 9. Let z = y + 3. Suppose -3*w + 5*r - r = -178, z = 4*w - 3*r - 228. What are the prime factors of w?
2, 3
Let j be ((9/4)/(-3))/(11/(-2596)). Suppose -14*p + j + 2777 = 0. Suppose -3*t + 208 = 3*b - b, b = 3*t - p. List the prime factors of t.
2, 5, 7
Let p(j) = -j**3 - 16*j**2 + 37*j + 18. Let a be p(-18). Suppose 0 = r - 2*x - 2*x - 601, -5*x - 5 = a. What are the prime factors of r?
3, 199
Let h = -157 - -28. Let u = -126 - h. List the prime factors of 1*56*(60/8)/u.
2, 5, 7
Let s = 11073 + -4878. What are the prime factors of s?
3, 5, 7, 59
Suppose 5*c + 417 = -433. Let w = -4046 - -4483. Let f = w + c. What are the prime factors of f?
3, 89
Let f(a) = 14*a**3 - a - 6. Let i be f(2). Suppose -2*o + 5*s + 30 = -i, 0 = -3*o + 2*s + 223. What are the prime factors of o?
7, 11
Suppose -47 = 4*g + 25. Let p(m) = 3*m**2 + 2*m + 78. Let j be p(0). Let a = j + g. List the prime factors of a.
2, 3, 5
Let m be (-4)/18 + 183/(-27). Let q be -1*((-6)/m)/(9/252). Let w = 18 - q. What are the prime factors of w?
2, 3, 7
Suppose 0 = 2*o - 2*h - 5264, 531*h = -2*o + 535*h + 5258. List the prime factors of o.
5, 17, 31
What are the prime factors of 16 - 39/3 - (-41474 + -2)?
41479
Let m(c) = c**3 + 2*c**2 + 20*c + 90. What are the prime factors of m(25)?
5, 7, 499
Suppose -196*f = -190*f + 1554. Let m = 783 + f. List the prime factors of m.
2, 131
Let r(i) = -i**2 - 2. Let y be r(7). Suppose -12*f - 69 = 375. Let t = f - y. What are the prime factors of t?
2, 7
Let n(c) = -9*c**3 - 34*c**2 + 63*c - 92. Let k(v) = 5*v**3 + 17*v**2 - 31*v + 46. Let x(s) = -7*k(s) - 4*n(s). What are the prime factors of x(-15)?
1021
Let b(f) = -64563*f**3 - 2*f**2 + 5*f + 9. What are the prime factors of b(-1)?
5, 37, 349
Suppose 6*x = -x + 84. Let p(f) = 6*f**2 + 5*f + 3. Let z be p(-6). Let q = z + x. List the prime factors of q.
3, 67
Suppose 0 = 2*u - 2*t + 9 + 3, 3*t = 5*u + 26. Let a be u/(-6) - (-272)/51. Suppose z = a*z - 565. List the prime factors of z.
113
Suppose -32 - 8 = -5*g. Suppose -t - g = -6. List the prime factors of ((-87)/t)/3*10.
5, 29
Let a = -44 + 56. Let q(l) = -l + 14. Let v be q(a). Suppose -2*h + 138 = v*k, -h + 37 + 7 = -4*k. What are the prime factors of h?
2
Let p(a) = -45*a - 236. Let t be p(-12). Let y = -295 + t. What are the prime factors of y?
3
Suppose 5*m = i - 28243, -2*i - 17*m + 21*m + 56516 = 0. List the prime factors of i.
2, 37, 191
Let b = 77073 - 39388. List the prime factors of b.
5, 7537
Let b = 293 - -13. List the prime factors of (-255)/b - (-20170)/12.
2, 3, 5, 7
Suppose 0 = -17*i + 43 + 25. Suppose i*h = 15*h - 4510. Suppose -3*m - 2*m = 5*z - h, 3*m + 378 = 5*z. List the prime factors of z.
2, 3, 13
Let n(j) = -j**3 - 13*j**2 - 15*j - 1. Let z be n(-9). Let d(c) = 8*c**2 - 8*c - 17. Let i be d(7). Let g = z + i. List the prime factors of g.
3, 43
Suppose -2*j + 24 = -0*j + 3*b, 2*j = -5*b + 24. Suppose -2*c - 2 = -j. Suppose -m + 220 = 2*m - c*z, -4*m = -2*z - 298. What are the prime factors of m?
3, 5
Suppose -2*f - 2*a = -35166, -f - 2*a + 12549 + 5036 = 0. List the prime factors of f.
17581
Suppose -f - 45 - 96 = 0. Let l = -70 - 1. Let g = l - f. List the prime factors of g.
2, 5, 7
Let v(x) = -1522*x - 16. List the prime factors of v(-12).
2, 2281
Let p(z) = z**3 - 28*z**2 + 26*z + 34. Let j be p(27). Suppose -j*w + 4*w + 108 = 3*m, -3*m + 111 = 4*w. What are the prime factors of (-2*(-2)/(-1) - -4) + m?
3, 11
Let v(r) = -r**3 - 47*r**2 + 230*r + 163. List the prime factors of v(-52).
1723
Let j(x) = 46*x**2 + 14*x - 77. What are the prime factors of j(-10)?
3, 487
Suppose 4*c - 8 = 2*k + 3*k, 3*c + 21 = -3*k. Let g be ((-375)/6 - -1) + 2/k. List the prime factors of g/(-8) + 3/12.
2
Let a be (9/(-6))/(21/28). What are the prime factors of 887 + (a/8)/(1/4)?
2, 443
Let t(p) = -81*p + 105. Let d(w) = -2*w - 1. Let k(n) = 9*d(n) + t(n). What are the prime factors of k(-6)?
2, 3, 5, 23
Let q(w) = 40775*w**3 + 2*w**2 - 129*w + 127. What are the prime factors of q(1)?
5, 7, 233
Let m(z) = z**2 - 4*z + 292. Let c be m(0). Let i = c + -33. List the prime factors of i.
7, 37
Suppose 9*j + 29 - 47 = 0. Let l be (-18)/(-4) + (-6)/(-12). Suppose -j*q = -l*k + 550, -1 = -2*q + 9. List the prime factors of k.
2, 7
Let l(f) be the first derivative of -15*f**2/2 - 4*f - 2. Let i be (-10)/2 - (0 + -2). What are the prime factors of l(i)?
41
Suppose 3*i - 249 + 0 = -3*q, -5*i + 415 = -3*q. Suppose -85*h = -86*h - i. 